{"id":335,"date":"2025-10-11T08:37:38","date_gmt":"2025-10-11T08:37:38","guid":{"rendered":"https:\/\/amd-moste-drustvo.si\/wordpress\/?page_id=335"},"modified":"2025-10-11T08:37:38","modified_gmt":"2025-10-11T08:37:38","slug":"zbor-clanov-2","status":"publish","type":"page","link":"https:\/\/amd-moste-drustvo.si\/index.php\/zbor-clanov-2\/","title":{"rendered":"Zbor \u010dlanov"},"content":{"rendered":"\n<h3 class=\"wp-block-heading has-primary-color has-text-color has-link-color wp-elements-a5cefb888efdce47582040b9f3ba9ad9\" style=\"margin-top:var(--wp--preset--spacing--50);margin-bottom:var(--wp--preset--spacing--50)\">Vabila in zapisniki zbora \u010dlanov AMD Moste<\/h3>\n\n\n<ul style=\"border-top-width:5px;border-top-color:var(--wp--preset--color--primary);border-right-color:var(--wp--preset--color--primary);border-bottom-color:var(--wp--preset--color--primary);border-left-width:5px;border-left-color:var(--wp--preset--color--primary); padding-top:0;padding-bottom:0;padding-left:var(--wp--preset--spacing--50);padding-right:var(--wp--preset--spacing--50);margin-top:0;margin-bottom:0;\" class=\"wp-block-latest-posts__list has-dates wp-block-latest-posts\"><li><a class=\"wp-block-latest-posts__post-title\" href=\"https:\/\/amd-moste-drustvo.si\/index.php\/2026\/01\/08\/vabilo-na-1-zbor-clanov-2026\/\">Vabilo na 1. zbor \u010dlanov 2026<\/a><time datetime=\"2026-01-08T16:31:33+00:00\" class=\"wp-block-latest-posts__post-date\">8 januarja, 2026<\/time><div class=\"wp-block-latest-posts__post-full-content\"><!-- wp:paragraph -->\n<p>\u0160tevilka: 1.26\/ 2026<\/p>\n<!-- \/wp:paragraph -->\n\n<!-- wp:paragraph -->\n<p>Ljubljana 19. januar 2026<\/p>\n<!-- \/wp:paragraph -->\n\n<!-- wp:paragraph -->\n<p>V skladu z 23. \u010dlenom Statuta AMD Moste Ljubljana,\u00a0\u00a0<\/p>\n<!-- \/wp:paragraph -->\n\n<!-- wp:paragraph -->\n<p><strong>V A B I M O<\/strong><strong><\/strong><\/p>\n<!-- \/wp:paragraph -->\n\n<!-- wp:paragraph -->\n<p><strong>\u010dlane AMD Moste\u00a0<\/strong><\/p>\n<!-- \/wp:paragraph -->\n\n<!-- wp:paragraph -->\n<p><strong>na 1. izredni zbor \u010dlanov AMD Moste, Ljubljana,<\/strong><\/p>\n<!-- \/wp:paragraph -->\n\n<!-- wp:paragraph -->\n<p><strong><u>ki bo v \u010detrtek 22. januarja 2026 ob 17.00 uri v prostorih dru\u0161tva, Jana Husa 1a.<\/u><\/strong><\/p>\n<!-- \/wp:paragraph -->\n\n<!-- wp:paragraph -->\n<p><strong>Dnevni red:<\/strong><\/p>\n<!-- \/wp:paragraph -->\n\n<!-- wp:list {\"ordered\":true,\"start\":1} -->\n<ol start=\"1\" class=\"wp-block-list\"><!-- wp:list-item -->\n<li>Otvoritev izrednega zbora \u010dlanov in izvolitev organov za vodenje Ob\u010dnega zbora<\/li>\n<!-- \/wp:list-item -->\n\n<!-- wp:list-item -->\n<li>Poro\u010dilo verifikacijske komisije\u00a0<\/li>\n<!-- \/wp:list-item -->\n\n<!-- wp:list-item -->\n<li>Razprava in sprejem sklepa o odprodaji poslovnih prostorov na Ulici Jana Husa 1a<\/li>\n<!-- \/wp:list-item -->\n\n<!-- wp:list-item -->\n<li>Razprava in sprejem sklepa o nakupu poslovnega prostora<\/li>\n<!-- \/wp:list-item -->\n\n<!-- wp:list-item -->\n<li>Razno<\/li>\n<!-- \/wp:list-item --><\/ol>\n<!-- \/wp:list -->\n\n<!-- wp:paragraph -->\n<p>Prosimo vas, da se zbora udele\u017eite in s tem zagotovite potrebno \u0161tevilo \u010dlanov za pravno veljavno odlo\u010danje.\u00a0<\/p>\n<!-- \/wp:paragraph -->\n\n<!-- wp:paragraph -->\n<p>Lep pozdrav!<\/p>\n<!-- \/wp:paragraph -->\n\n<!-- wp:paragraph -->\n<p>\u00a0\u00a0\u00a0\u00a0\u00a0\u00a0\u00a0\u00a0\u00a0\u00a0\u00a0\u00a0\u00a0\u00a0\u00a0\u00a0\u00a0\u00a0\u00a0\u00a0\u00a0\u00a0\u00a0\u00a0\u00a0\u00a0\u00a0\u00a0\u00a0\u00a0\u00a0\u00a0\u00a0\u00a0\u00a0\u00a0\u00a0\u00a0\u00a0\u00a0\u00a0\u00a0\u00a0\u00a0\u00a0\u00a0\u00a0\u00a0\u00a0\u00a0\u00a0\u00a0\u00a0\u00a0\u00a0\u00a0\u00a0\u00a0\u00a0\u00a0\u00a0\u00a0\u00a0\u00a0\u00a0\u00a0\u00a0\u00a0\u00a0\u00a0\u00a0\u00a0\u00a0\u00a0\u00a0\u00a0\u00a0\u00a0\u00a0\u00a0\u00a0\u00a0\u00a0\u00a0\u00a0\u00a0\u00a0\u00a0\u00a0\u00a0\u00a0\u00a0\u00a0\u00a0\u00a0\u00a0\u00a0\u00a0\u00a0\u00a0\u00a0\u00a0\u00a0\u00a0Sa\u0161o Stan\u010di\u010d<\/p>\n<!-- \/wp:paragraph -->\n\n<!-- wp:paragraph -->\n<p>\u00a0\u00a0\u00a0\u00a0\u00a0\u00a0\u00a0\u00a0\u00a0\u00a0\u00a0\u00a0\u00a0\u00a0\u00a0\u00a0\u00a0\u00a0\u00a0\u00a0\u00a0\u00a0\u00a0\u00a0\u00a0\u00a0\u00a0\u00a0\u00a0\u00a0\u00a0\u00a0\u00a0\u00a0\u00a0\u00a0\u00a0\u00a0\u00a0\u00a0\u00a0\u00a0\u00a0\u00a0\u00a0\u00a0\u00a0\u00a0\u00a0\u00a0\u00a0\u00a0\u00a0\u00a0\u00a0\u00a0\u00a0\u00a0\u00a0\u00a0\u00a0\u00a0\u00a0\u00a0\u00a0\u00a0\u00a0\u00a0\u00a0\u00a0\u00a0\u00a0\u00a0\u00a0\u00a0\u00a0\u00a0\u00a0\u00a0\u00a0\u00a0\u00a0\u00a0\u00a0\u00a0\u00a0\u00a0\u00a0\u00a0\u00a0\u00a0\u00a0\u00a0\u00a0\u00a0\u00a0\u00a0\u00a0\u00a0\u00a0Predsednik dru\u0161tva<\/p>\n<!-- \/wp:paragraph --><\/div><\/li>\n<li><a class=\"wp-block-latest-posts__post-title\" href=\"https:\/\/amd-moste-drustvo.si\/index.php\/2025\/11\/03\/vabilo-na-zc\/\">Vabilo na Z\u010c<\/a><time datetime=\"2025-11-03T16:27:04+00:00\" class=\"wp-block-latest-posts__post-date\">3 novembra, 2025<\/time><div class=\"wp-block-latest-posts__post-full-content\"><!-- wp:paragraph -->\n<p>Predsednik AMD Moste vabi vse svoje \u010dlane na 54. redni Zbor \u010dlanov, ki bo 8. maja 2025 v prostorih dru\u0161tva, Jana Husa 1a, Ljubljana.<\/p>\n<!-- \/wp:paragraph -->\n\n<!-- wp:paragraph -->\n<p>Na zboru bomo seznanjeni z poro\u010dilom o delu in poslovanju dru\u0161tva v letu 2024 in s planom dela za leto 2025.<\/p>\n<!-- \/wp:paragraph -->\n\n<!-- wp:paragraph -->\n<p>Po seji bo dru\u017eabno sre\u010danje.<\/p>\n<!-- \/wp:paragraph -->\n\n<!-- wp:paragraph -->\n<p>Prosimo, da se seje udele\u017eite v \u010dim ve\u010djem \u0161tevilu. <\/p>\n<!-- \/wp:paragraph -->\n\n<!-- wp:paragraph -->\n<p><\/p>\n<!-- \/wp:paragraph --><\/div><\/li>\n<li><a class=\"wp-block-latest-posts__post-title\" href=\"https:\/\/amd-moste-drustvo.si\/index.php\/2025\/11\/02\/zadnja-seja-zc\/\">54. SEJA  Z\u010c AMD MOSTE<\/a><time datetime=\"2025-11-02T14:39:13+00:00\" class=\"wp-block-latest-posts__post-date\">2 novembra, 2025<\/time><div class=\"wp-block-latest-posts__post-full-content\"><!-- wp:paragraph -->\n<p>V mesecu maju 2025 je potekala seja Z\u010c AMD Moste. <\/p>\n<!-- \/wp:paragraph -->\n\n<!-- wp:paragraph -->\n<p>Po izvolitvi organov za vodenje zbora, je verifikacijska komisija ugotovila, da je seji prisostvovalo 29 \u010dlanov in da je na podlagi 21. \u010dlena statuta zbor sklep\u010den.<\/p>\n<!-- \/wp:paragraph -->\n\n<!-- wp:paragraph -->\n<p>V nadaljevanju so se \u010dlani seznanili z poro\u010dilom nadzornega odbora, z gradivom o poslovnem poro\u010dilu in planom dela dru\u0161tva v letu 2025.<\/p>\n<!-- \/wp:paragraph -->\n\n<!-- wp:paragraph -->\n<p>Poro\u010dilo o delu, poro\u010dilo nadzornega odbora in plan dela za leto 25 so bila soglasno sprejeta.<\/p>\n<!-- \/wp:paragraph -->\n\n<!-- wp:paragraph -->\n<p>Na seji je bila podana tudi informacija o prekinitvi najemne pogodbe z GS in AGN. Zapro\u0161eno je bilo, da bi \u010dlani pomagali pridobiti nove najemnike. Podana je bila tudi ideja o odprodaji poslovnih prostorov in nabava manj\u0161ih.<\/p>\n<!-- \/wp:paragraph -->\n\n<!-- wp:paragraph -->\n<p>Po seji je bilo \u0161e dru\u017eabno sre\u010danje.<\/p>\n<!-- \/wp:paragraph --><\/div><\/li>\n<li><a class=\"wp-block-latest-posts__post-title\" href=\"https:\/\/amd-moste-drustvo.si\/index.php\/2025\/10\/24\/vabilo-na-zbor-clanov\/\">Vabilo na zbor \u010dlanov<\/a><time datetime=\"2025-10-24T05:50:29+00:00\" class=\"wp-block-latest-posts__post-date\">24 oktobra, 2025<\/time><div class=\"wp-block-latest-posts__post-full-content\"><!-- wp:paragraph -->\n<p>Predsednik AMD Moste vabi vse svoje \u010dlane na 54. redni Zbor \u010dlanov, ki bo 8. maja 2025 v prostorih dru\u0161tva, Jana Husa 1a, Ljubljana.<\/p>\n<!-- \/wp:paragraph -->\n\n<!-- wp:paragraph -->\n<p>Na zboru bomo seznanjeni z poro\u010dilom o delu in poslovanju dru\u0161tva v letu 2024 in s planom dela za leto 2025.<\/p>\n<!-- \/wp:paragraph -->\n\n<!-- wp:paragraph -->\n<p>Po seji bo dru\u017eabno sre\u010danje.<\/p>\n<!-- \/wp:paragraph -->\n\n<!-- wp:paragraph -->\n<p>Prosimo, da se seje udele\u017eite v \u010dim ve\u010djem \u0161tevilu. <\/p>\n<!-- \/wp:paragraph -->\n\n<!-- wp:paragraph -->\n<p><\/p>\n<!-- \/wp:paragraph --><\/div><\/li>\n<li><a class=\"wp-block-latest-posts__post-title\" href=\"https:\/\/amd-moste-drustvo.si\/index.php\/2025\/09\/25\/zapisnik-4\/\">Zapisnik 54. rednega zbora \u010dlanov<\/a><time datetime=\"2025-09-25T07:22:03+00:00\" class=\"wp-block-latest-posts__post-date\">25 septembra, 2025<\/time><div class=\"wp-block-latest-posts__post-full-content\"><!-- wp:paragraph -->\n<p>Zapisnik seje zbora \u010dlanov si \u010dlani lahko ogledajo v prostorih dru\u0161tva v \u010dasu uradnih ur.<\/p>\n<!-- \/wp:paragraph -->\n\n<!-- wp:paragraph -->\n<p><\/p>\n<!-- \/wp:paragraph --><\/div><\/li>\n<\/ul>\n\n\n<div style=\"height:100px\" aria-hidden=\"true\" class=\"wp-block-spacer\"><\/div>\n\n\n\n<main class=\"wp-block-group vizitka has-border-color has-primary-border-color has-global-padding is-layout-constrained wp-container-core-group-is-layout-42c4990b wp-block-group-is-layout-constrained\" style=\"border-width:5px;margin-top:0;margin-bottom:0;padding-top:var(--wp--preset--spacing--80);padding-bottom:var(--wp--preset--spacing--80)\">\n<h3 class=\"wp-block-heading has-text-align-center wow bounceInDown delay-1000 has-primary-color has-text-color has-link-color wp-elements-ea96bdca89ea720e95a861e3027cac96\" style=\"text-transform:uppercase\">AMD Moste<\/h3>\n\n\n\n<p class=\"has-text-align-center has-heading-color has-text-color has-link-color has-regular-font-size wp-elements-28eef79afc202bf44a494b3fffa6e4ee\" style=\"font-style:normal;font-weight:500\">Novice, obvestila in uporabne informacije.<\/p>\n\n\n\n<div style=\"height:18px\" aria-hidden=\"true\" class=\"wp-block-spacer\"><\/div>\n\n\n\n<div class=\"wp-block-columns are-vertically-aligned-center service-outer-box is-layout-flex wp-container-core-columns-is-layout-9b24e0e0 wp-block-columns-is-layout-flex\">\n<div class=\"wp-block-column is-vertically-aligned-center service-box wow swing is-layout-flow wp-block-column-is-layout-flow\" style=\"flex-basis:25%\">\n<div class=\"wp-block-group service-inner-box has-section-bg-background-color has-background has-global-padding is-layout-constrained wp-container-core-group-is-layout-280f0a9a wp-block-group-is-layout-constrained\" style=\"padding-top:20px;padding-right:15px;padding-bottom:20px;padding-left:15px\">\n<figure class=\"wp-block-image aligncenter size-full is-resized\"><a href=\"\/upravni-odbor\"><img loading=\"lazy\" decoding=\"async\" width=\"300\" height=\"300\" src=\"https:\/\/amd-moste-drustvo.si\/wordpress\/wp-content\/uploads\/2025\/09\/Upravni.png\" alt=\"\" class=\"wp-image-323\" style=\"width:78px;height:auto\" srcset=\"https:\/\/amd-moste-drustvo.si\/wp-content\/uploads\/2025\/09\/Upravni.png 300w, https:\/\/amd-moste-drustvo.si\/wp-content\/uploads\/2025\/09\/Upravni-150x150.png 150w\" sizes=\"auto, (max-width: 300px) 100vw, 300px\" \/><\/a><\/figure>\n\n\n\n<h6 class=\"wp-block-heading has-text-align-center has-secondary-color has-text-color has-link-color wp-elements-13c391f8994959c28e989b1a9885eec0\" style=\"text-transform:capitalize\"><a href=\"https:\/\/amd-moste-drustvo.si\/index.php\/upravni-odbor\/\" data-type=\"page\" data-id=\"309\">Upravni odbor<\/a><\/h6>\n\n\n\n<hr class=\"wp-block-separator has-text-color has-primary-color has-alpha-channel-opacity has-primary-background-color has-background service-seperator\" style=\"margin-top:var(--wp--preset--spacing--30);margin-bottom:var(--wp--preset--spacing--30)\"\/>\n\n\n\n<p class=\"has-text-align-center\">Informacija o seji UO<\/p>\n<\/div>\n<\/div>\n\n\n\n<div class=\"wp-block-column is-vertically-aligned-center service-box wow swing is-layout-flow wp-block-column-is-layout-flow\" style=\"flex-basis:25%\">\n<div class=\"wp-block-group service-inner-box has-section-bg-background-color has-background has-global-padding is-layout-constrained wp-container-core-group-is-layout-280f0a9a wp-block-group-is-layout-constrained\" style=\"padding-top:20px;padding-right:15px;padding-bottom:20px;padding-left:15px\">\n<figure class=\"wp-block-image aligncenter size-full is-resized\"><a href=\"\/zbor-clanov\"><img loading=\"lazy\" decoding=\"async\" width=\"300\" height=\"300\" src=\"https:\/\/amd-moste-drustvo.si\/wordpress\/wp-content\/uploads\/2025\/10\/Zbor-clanov.png\" alt=\"\" class=\"wp-image-254\" style=\"width:85px;height:auto\" srcset=\"https:\/\/amd-moste-drustvo.si\/wp-content\/uploads\/2025\/10\/Zbor-clanov.png 300w, https:\/\/amd-moste-drustvo.si\/wp-content\/uploads\/2025\/10\/Zbor-clanov-150x150.png 150w\" sizes=\"auto, (max-width: 300px) 100vw, 300px\" \/><\/a><\/figure>\n\n\n\n<h6 class=\"wp-block-heading has-text-align-center has-secondary-color has-text-color has-link-color wp-elements-a797dc836a4a3924f472022dc84d72af\" style=\"text-transform:capitalize\"><a href=\"https:\/\/amd-moste-drustvo.si\/index.php\/zbor-clanov-2\/\" data-type=\"page\" data-id=\"335\">Zbor \u010dlanov<\/a><\/h6>\n\n\n\n<hr class=\"wp-block-separator has-text-color has-primary-color has-alpha-channel-opacity has-primary-background-color has-background service-seperator\" style=\"margin-top:var(--wp--preset--spacing--30);margin-bottom:var(--wp--preset--spacing--30)\"\/>\n\n\n\n<p class=\"has-text-align-center\">Informacija o seji Z\u010c<\/p>\n<\/div>\n<\/div>\n\n\n\n<div class=\"wp-block-column is-vertically-aligned-center service-box wow swing is-layout-flow wp-block-column-is-layout-flow\" style=\"flex-basis:25%\">\n<div class=\"wp-block-group service-inner-box has-section-bg-background-color has-background has-global-padding is-layout-constrained wp-container-core-group-is-layout-280f0a9a wp-block-group-is-layout-constrained\" style=\"padding-top:20px;padding-right:15px;padding-bottom:20px;padding-left:15px\">\n<figure class=\"wp-block-image aligncenter size-full is-resized\"><a href=\"\/novice\"><img loading=\"lazy\" decoding=\"async\" width=\"300\" height=\"300\" src=\"https:\/\/amd-moste-drustvo.si\/wordpress\/wp-content\/uploads\/2025\/10\/Novice.png\" alt=\"\" class=\"wp-image-255\" style=\"width:80px;height:auto\" srcset=\"https:\/\/amd-moste-drustvo.si\/wp-content\/uploads\/2025\/10\/Novice.png 300w, https:\/\/amd-moste-drustvo.si\/wp-content\/uploads\/2025\/10\/Novice-150x150.png 150w\" sizes=\"auto, (max-width: 300px) 100vw, 300px\" \/><\/a><\/figure>\n\n\n\n<h6 class=\"wp-block-heading has-text-align-center has-secondary-color has-text-color has-link-color wp-elements-77f780d02a9817098d0e11401339d738\" style=\"text-transform:capitalize\"><a href=\"https:\/\/amd-moste-drustvo.si\/index.php\/novice-2\/\" data-type=\"page\" data-id=\"337\">Novice<\/a><\/h6>\n\n\n\n<hr class=\"wp-block-separator has-text-color has-primary-color has-alpha-channel-opacity has-primary-background-color has-background service-seperator\" style=\"margin-top:var(--wp--preset--spacing--30);margin-bottom:var(--wp--preset--spacing--30)\"\/>\n\n\n\n<p class=\"has-text-align-center\">Izlet AMD Moste<\/p>\n<\/div>\n<\/div>\n\n\n\n<div class=\"wp-block-column is-vertically-aligned-center service-box wow swing is-layout-flow wp-block-column-is-layout-flow\" style=\"flex-basis:25%\">\n<div class=\"wp-block-group service-inner-box has-section-bg-background-color has-background has-global-padding is-layout-constrained wp-container-core-group-is-layout-280f0a9a wp-block-group-is-layout-constrained\" style=\"padding-top:20px;padding-right:15px;padding-bottom:20px;padding-left:15px\">\n<figure class=\"wp-block-image aligncenter size-full is-resized\"><img loading=\"lazy\" decoding=\"async\" width=\"300\" height=\"300\" src=\"https:\/\/amd-moste-drustvo.si\/wordpress\/wp-content\/uploads\/2025\/10\/Sekretar.png\" alt=\"\" class=\"wp-image-253\" style=\"width:80px;height:auto\" srcset=\"https:\/\/amd-moste-drustvo.si\/wp-content\/uploads\/2025\/10\/Sekretar.png 300w, https:\/\/amd-moste-drustvo.si\/wp-content\/uploads\/2025\/10\/Sekretar-150x150.png 150w\" sizes=\"auto, (max-width: 300px) 100vw, 300px\" \/><\/figure>\n\n\n\n<h6 class=\"wp-block-heading has-text-align-center has-secondary-color has-text-color has-link-color wp-elements-ae063c133d0585d01635b098df4cf9b6\" style=\"text-transform:capitalize\">Predsednik in sekretar<\/h6>\n\n\n\n<hr class=\"wp-block-separator has-text-color has-primary-color has-alpha-channel-opacity has-primary-background-color has-background service-seperator\" style=\"margin-top:var(--wp--preset--spacing--30);margin-bottom:var(--wp--preset--spacing--30)\"\/>\n\n\n\n<p class=\"has-text-align-center\">Predsednik dru\u0161tva: <strong>Aleksander Stan\u010di\u010d<\/strong><br>Sekretar: <strong>Brane Vr\u0161nik<\/strong> <br>Tel: 040 325 522<br>Mail: <a href=\"mailto:amd.moste@gmail.com\">amd.moste@gmail.com<\/a><\/p>\n<\/div>\n<\/div>\n<\/div>\n\n\n\n<div class=\"wp-block-columns is-layout-flex wp-container-core-columns-is-layout-28f84493 wp-block-columns-is-layout-flex\">\n<div class=\"wp-block-column is-layout-flow wp-block-column-is-layout-flow\">\n<div class=\"wp-block-group has-border-color has-border-color-border-color has-global-padding is-layout-constrained wp-container-core-group-is-layout-95e16675 wp-block-group-is-layout-constrained\" style=\"border-width:1px;border-radius:3px;padding-top:var(--wp--preset--spacing--30);padding-bottom:var(--wp--preset--spacing--30)\">\n<figure class=\"wp-block-image aligncenter size-full is-resized\"><img loading=\"lazy\" decoding=\"async\" width=\"300\" height=\"300\" src=\"https:\/\/amd-moste-drustvo.si\/wordpress\/wp-content\/uploads\/2025\/10\/cas.png\" alt=\"\" class=\"wp-image-271\" style=\"width:80px;height:auto\" srcset=\"https:\/\/amd-moste-drustvo.si\/wp-content\/uploads\/2025\/10\/cas.png 300w, https:\/\/amd-moste-drustvo.si\/wp-content\/uploads\/2025\/10\/cas-150x150.png 150w\" sizes=\"auto, (max-width: 300px) 100vw, 300px\" \/><\/figure>\n\n\n\n<p class=\"has-text-align-center has-heading-color has-text-color has-link-color has-regular-font-size wp-elements-1066b7c0bcc62b147db0c690d04849b8\" style=\"margin-top:0;margin-bottom:var(--wp--preset--spacing--30);font-style:normal;font-weight:500\"><br>Delovni \u010das: Pon. &#8211; Pet.: <strong>10.00 &#8211; 14.00<\/strong>, sobota, nedelja in prazniki: <strong>Zaprto<\/strong><br><\/p>\n<\/div>\n<\/div>\n<\/div>\n<\/main>\n","protected":false},"excerpt":{"rendered":"<p>Vabila in zapisniki zbora \u010dlanov AMD Moste<\/p>\n","protected":false},"author":1,"featured_media":0,"parent":0,"menu_order":0,"comment_status":"closed","ping_status":"closed","template":"","meta":{"footnotes":""},"class_list":["post-335","page","type-page","status-publish","hentry"],"_links":{"self":[{"href":"https:\/\/amd-moste-drustvo.si\/index.php\/wp-json\/wp\/v2\/pages\/335","targetHints":{"allow":["GET"]}}],"collection":[{"href":"https:\/\/amd-moste-drustvo.si\/index.php\/wp-json\/wp\/v2\/pages"}],"about":[{"href":"https:\/\/amd-moste-drustvo.si\/index.php\/wp-json\/wp\/v2\/types\/page"}],"author":[{"embeddable":true,"href":"https:\/\/amd-moste-drustvo.si\/index.php\/wp-json\/wp\/v2\/users\/1"}],"replies":[{"embeddable":true,"href":"https:\/\/amd-moste-drustvo.si\/index.php\/wp-json\/wp\/v2\/comments?post=335"}],"version-history":[{"count":1,"href":"https:\/\/amd-moste-drustvo.si\/index.php\/wp-json\/wp\/v2\/pages\/335\/revisions"}],"predecessor-version":[{"id":336,"href":"https:\/\/amd-moste-drustvo.si\/index.php\/wp-json\/wp\/v2\/pages\/335\/revisions\/336"}],"wp:attachment":[{"href":"https:\/\/amd-moste-drustvo.si\/index.php\/wp-json\/wp\/v2\/media?parent=335"}],"curies":[{"name":"wp","href":"https:\/\/api.w.org\/{rel}","templated":true}]}}