{"id":339,"date":"2025-10-11T08:40:39","date_gmt":"2025-10-11T08:40:39","guid":{"rendered":"https:\/\/amd-moste-drustvo.si\/wordpress\/?page_id=339"},"modified":"2025-10-30T11:30:39","modified_gmt":"2025-10-30T11:30:39","slug":"zgodovina","status":"publish","type":"page","link":"https:\/\/amd-moste-drustvo.si\/index.php\/zgodovina\/","title":{"rendered":"Zgodovina"},"content":{"rendered":"\n<h3 class=\"wp-block-heading has-primary-color has-text-color has-link-color wp-elements-fc14c211237f1e389c4bbd0ee4a142a4\" style=\"margin-top:var(--wp--preset--spacing--50);margin-bottom:var(--wp--preset--spacing--50)\">Zgodovina <em>Avto moto dru\u0161tva Moste<\/em><\/h3>\n\n\n\n<div class=\"wp-block-media-text is-stacked-on-mobile\"><figure class=\"wp-block-media-text__media\"><img loading=\"lazy\" decoding=\"async\" width=\"1024\" height=\"576\" src=\"https:\/\/amd-moste-drustvo.si\/wordpress\/wp-content\/uploads\/2025\/09\/AMD-moste-yugo-1024x576.jpg\" alt=\"\" class=\"wp-image-74 size-full\" srcset=\"https:\/\/amd-moste-drustvo.si\/wp-content\/uploads\/2025\/09\/AMD-moste-yugo-1024x576.jpg 1024w, https:\/\/amd-moste-drustvo.si\/wp-content\/uploads\/2025\/09\/AMD-moste-yugo-300x169.jpg 300w, https:\/\/amd-moste-drustvo.si\/wp-content\/uploads\/2025\/09\/AMD-moste-yugo-768x432.jpg 768w, https:\/\/amd-moste-drustvo.si\/wp-content\/uploads\/2025\/09\/AMD-moste-yugo-1536x864.jpg 1536w, https:\/\/amd-moste-drustvo.si\/wp-content\/uploads\/2025\/09\/AMD-moste-yugo-2048x1152.jpg 2048w\" sizes=\"auto, (max-width: 1024px) 100vw, 1024px\" \/><\/figure><div class=\"wp-block-media-text__content\">\n<p><strong>Avto moto dru\u0161tvo Moste je bilo ustanovljeno februarja 1960 leta.<\/strong><\/p>\n\n\n\n<p>V za\u010detku kot sekcija Ob\u010dinskega odbora ljudske tehnike, decembra istega leta pa \u0161e kot samostojno dru\u0161tvo. Ustanovljeno je bilo z namenom, da so takratni vozniki lahko svoje interese in potrebe uveljavljali preko svojega dru\u0161tva.\u00a0\u00a0\u00a0\u00a0\u00a0\u00a0\u00a0\u00a0\u00a0\u00a0\u00a0<\/p>\n\n\n\n<p>Dru\u0161tveno delo in njegov razvoj pa velja videti tudi kot prispevek skrbi za razvoj avtomobilizma, prometne vzgoje, avto moto \u0161porta in drugih podobnih dejavnosti, ki so se oz. se \u0161e v dru\u0161tvu odvijajo.<\/p>\n\n\n\n<p>Vodstvo dru\u0161tvenih organov se je \u017ee takoj po ustanovitvi zavedalo, da je mo\u010d slehernega dru\u0161tva meriti le v \u0161tevilu \u010dlanov in njihovih aktivnosti, zato je temu vpra\u0161anju posve\u010dalo \u0161e posebno skrb. V letu ustanovitve je bilo v AMD-Moste v\u010dlanjenih 206 \u010dlanov. Kasneje se je \u0161tevilo \u010dlanstva ve\u010dalo, potrebe \u010dlanstva so prerasle okvirje dru\u0161tva, zato se je dru\u0161tvo vklju\u010dilo v zvezno organizacijo AMZ, katere \u010dlan je \u0161e danes. Z vklju\u010ditvijo v AMZS se je \u0161tevilo \u010dlanstva pove\u010devalo in leta 1987 doseglo maksimalno \u0161tevilo 6503 \u010dlanov. Od leta 1987 se je iz ekonomskih in drugih razlogov za\u010delo zmanj\u0161evati in se ustalilo pri 4500 \u010dlanih. S takim \u0161tevilom \u010dlanstva \u0161e vedno sodimo med 10 najve\u010djih dru\u0161tev v Sloveniji.<\/p>\n<\/div><\/div>\n\n\n\n<div style=\"height:100px\" aria-hidden=\"true\" class=\"wp-block-spacer\"><\/div>\n\n\n\n<main class=\"wp-block-group vizitka has-border-color has-primary-border-color has-global-padding is-layout-constrained wp-container-core-group-is-layout-42c4990b wp-block-group-is-layout-constrained\" style=\"border-width:5px;margin-top:0;margin-bottom:0;padding-top:var(--wp--preset--spacing--80);padding-bottom:var(--wp--preset--spacing--80)\">\n<h3 class=\"wp-block-heading has-text-align-center wow bounceInDown delay-1000 has-primary-color has-text-color has-link-color wp-elements-ea96bdca89ea720e95a861e3027cac96\" style=\"text-transform:uppercase\">AMD Moste<\/h3>\n\n\n\n<p class=\"has-text-align-center has-heading-color has-text-color has-link-color has-regular-font-size wp-elements-28eef79afc202bf44a494b3fffa6e4ee\" style=\"font-style:normal;font-weight:500\">Novice, obvestila in uporabne informacije.<\/p>\n\n\n\n<div style=\"height:18px\" aria-hidden=\"true\" class=\"wp-block-spacer\"><\/div>\n\n\n\n<div class=\"wp-block-columns are-vertically-aligned-center service-outer-box is-layout-flex wp-container-core-columns-is-layout-9b24e0e0 wp-block-columns-is-layout-flex\">\n<div class=\"wp-block-column is-vertically-aligned-center service-box wow swing is-layout-flow wp-block-column-is-layout-flow\" style=\"flex-basis:25%\">\n<div class=\"wp-block-group service-inner-box has-section-bg-background-color has-background has-global-padding is-layout-constrained wp-container-core-group-is-layout-280f0a9a wp-block-group-is-layout-constrained\" style=\"padding-top:20px;padding-right:15px;padding-bottom:20px;padding-left:15px\">\n<figure class=\"wp-block-image aligncenter size-full is-resized\"><a href=\"\/upravni-odbor\"><img loading=\"lazy\" decoding=\"async\" width=\"300\" height=\"300\" src=\"https:\/\/amd-moste-drustvo.si\/wordpress\/wp-content\/uploads\/2025\/09\/Upravni.png\" alt=\"\" class=\"wp-image-323\" style=\"width:78px;height:auto\" srcset=\"https:\/\/amd-moste-drustvo.si\/wp-content\/uploads\/2025\/09\/Upravni.png 300w, https:\/\/amd-moste-drustvo.si\/wp-content\/uploads\/2025\/09\/Upravni-150x150.png 150w\" sizes=\"auto, (max-width: 300px) 100vw, 300px\" \/><\/a><\/figure>\n\n\n\n<h6 class=\"wp-block-heading has-text-align-center has-secondary-color has-text-color has-link-color wp-elements-13c391f8994959c28e989b1a9885eec0\" style=\"text-transform:capitalize\"><a href=\"https:\/\/amd-moste-drustvo.si\/index.php\/upravni-odbor\/\" data-type=\"page\" data-id=\"309\">Upravni odbor<\/a><\/h6>\n\n\n\n<hr class=\"wp-block-separator has-text-color has-primary-color has-alpha-channel-opacity has-primary-background-color has-background service-seperator\" style=\"margin-top:var(--wp--preset--spacing--30);margin-bottom:var(--wp--preset--spacing--30)\"\/>\n\n\n\n<p class=\"has-text-align-center\">Informacija o seji UO<\/p>\n<\/div>\n<\/div>\n\n\n\n<div class=\"wp-block-column is-vertically-aligned-center service-box wow swing is-layout-flow wp-block-column-is-layout-flow\" style=\"flex-basis:25%\">\n<div class=\"wp-block-group service-inner-box has-section-bg-background-color has-background has-global-padding is-layout-constrained wp-container-core-group-is-layout-280f0a9a wp-block-group-is-layout-constrained\" style=\"padding-top:20px;padding-right:15px;padding-bottom:20px;padding-left:15px\">\n<figure class=\"wp-block-image aligncenter size-full is-resized\"><a href=\"\/zbor-clanov\"><img loading=\"lazy\" decoding=\"async\" width=\"300\" height=\"300\" src=\"https:\/\/amd-moste-drustvo.si\/wordpress\/wp-content\/uploads\/2025\/10\/Zbor-clanov.png\" alt=\"\" class=\"wp-image-254\" style=\"width:85px;height:auto\" srcset=\"https:\/\/amd-moste-drustvo.si\/wp-content\/uploads\/2025\/10\/Zbor-clanov.png 300w, https:\/\/amd-moste-drustvo.si\/wp-content\/uploads\/2025\/10\/Zbor-clanov-150x150.png 150w\" sizes=\"auto, (max-width: 300px) 100vw, 300px\" \/><\/a><\/figure>\n\n\n\n<h6 class=\"wp-block-heading has-text-align-center has-secondary-color has-text-color has-link-color wp-elements-a797dc836a4a3924f472022dc84d72af\" style=\"text-transform:capitalize\"><a href=\"https:\/\/amd-moste-drustvo.si\/index.php\/zbor-clanov-2\/\" data-type=\"page\" data-id=\"335\">Zbor \u010dlanov<\/a><\/h6>\n\n\n\n<hr class=\"wp-block-separator has-text-color has-primary-color has-alpha-channel-opacity has-primary-background-color has-background service-seperator\" style=\"margin-top:var(--wp--preset--spacing--30);margin-bottom:var(--wp--preset--spacing--30)\"\/>\n\n\n\n<p class=\"has-text-align-center\">Informacija o seji Z\u010c<\/p>\n<\/div>\n<\/div>\n\n\n\n<div class=\"wp-block-column is-vertically-aligned-center service-box wow swing is-layout-flow wp-block-column-is-layout-flow\" style=\"flex-basis:25%\">\n<div class=\"wp-block-group service-inner-box has-section-bg-background-color has-background has-global-padding is-layout-constrained wp-container-core-group-is-layout-280f0a9a wp-block-group-is-layout-constrained\" style=\"padding-top:20px;padding-right:15px;padding-bottom:20px;padding-left:15px\">\n<figure class=\"wp-block-image aligncenter size-full is-resized\"><a href=\"\/novice\"><img loading=\"lazy\" decoding=\"async\" width=\"300\" height=\"300\" src=\"https:\/\/amd-moste-drustvo.si\/wordpress\/wp-content\/uploads\/2025\/10\/Novice.png\" alt=\"\" class=\"wp-image-255\" style=\"width:80px;height:auto\" srcset=\"https:\/\/amd-moste-drustvo.si\/wp-content\/uploads\/2025\/10\/Novice.png 300w, https:\/\/amd-moste-drustvo.si\/wp-content\/uploads\/2025\/10\/Novice-150x150.png 150w\" sizes=\"auto, (max-width: 300px) 100vw, 300px\" \/><\/a><\/figure>\n\n\n\n<h6 class=\"wp-block-heading has-text-align-center has-secondary-color has-text-color has-link-color wp-elements-77f780d02a9817098d0e11401339d738\" style=\"text-transform:capitalize\"><a href=\"https:\/\/amd-moste-drustvo.si\/index.php\/novice-2\/\" data-type=\"page\" data-id=\"337\">Novice<\/a><\/h6>\n\n\n\n<hr class=\"wp-block-separator has-text-color has-primary-color has-alpha-channel-opacity has-primary-background-color has-background service-seperator\" style=\"margin-top:var(--wp--preset--spacing--30);margin-bottom:var(--wp--preset--spacing--30)\"\/>\n\n\n\n<p class=\"has-text-align-center\">Izlet AMD Moste<\/p>\n<\/div>\n<\/div>\n\n\n\n<div class=\"wp-block-column is-vertically-aligned-center service-box wow swing is-layout-flow wp-block-column-is-layout-flow\" style=\"flex-basis:25%\">\n<div class=\"wp-block-group service-inner-box has-section-bg-background-color has-background has-global-padding is-layout-constrained wp-container-core-group-is-layout-280f0a9a wp-block-group-is-layout-constrained\" style=\"padding-top:20px;padding-right:15px;padding-bottom:20px;padding-left:15px\">\n<figure class=\"wp-block-image aligncenter size-full is-resized\"><img loading=\"lazy\" decoding=\"async\" width=\"300\" height=\"300\" src=\"https:\/\/amd-moste-drustvo.si\/wordpress\/wp-content\/uploads\/2025\/10\/Sekretar.png\" alt=\"\" class=\"wp-image-253\" style=\"width:80px;height:auto\" srcset=\"https:\/\/amd-moste-drustvo.si\/wp-content\/uploads\/2025\/10\/Sekretar.png 300w, https:\/\/amd-moste-drustvo.si\/wp-content\/uploads\/2025\/10\/Sekretar-150x150.png 150w\" sizes=\"auto, (max-width: 300px) 100vw, 300px\" \/><\/figure>\n\n\n\n<h6 class=\"wp-block-heading has-text-align-center has-secondary-color has-text-color has-link-color wp-elements-ae063c133d0585d01635b098df4cf9b6\" style=\"text-transform:capitalize\">Predsednik in sekretar<\/h6>\n\n\n\n<hr class=\"wp-block-separator has-text-color has-primary-color has-alpha-channel-opacity has-primary-background-color has-background service-seperator\" style=\"margin-top:var(--wp--preset--spacing--30);margin-bottom:var(--wp--preset--spacing--30)\"\/>\n\n\n\n<p class=\"has-text-align-center\">Predsednik dru\u0161tva: <strong>Aleksander Stan\u010di\u010d<\/strong><br>Sekretar: <strong>Brane Vr\u0161nik<\/strong> <br>Tel: 040 325 522<br>Mail: <a href=\"mailto:amd.moste@gmail.com\">amd.moste@gmail.com<\/a><\/p>\n<\/div>\n<\/div>\n<\/div>\n\n\n\n<div class=\"wp-block-columns is-layout-flex wp-container-core-columns-is-layout-28f84493 wp-block-columns-is-layout-flex\">\n<div class=\"wp-block-column is-layout-flow wp-block-column-is-layout-flow\">\n<div class=\"wp-block-group has-border-color has-border-color-border-color has-global-padding is-layout-constrained wp-container-core-group-is-layout-95e16675 wp-block-group-is-layout-constrained\" style=\"border-width:1px;border-radius:3px;padding-top:var(--wp--preset--spacing--30);padding-bottom:var(--wp--preset--spacing--30)\">\n<figure class=\"wp-block-image aligncenter size-full is-resized\"><img loading=\"lazy\" decoding=\"async\" width=\"300\" height=\"300\" src=\"https:\/\/amd-moste-drustvo.si\/wordpress\/wp-content\/uploads\/2025\/10\/cas.png\" alt=\"\" class=\"wp-image-271\" style=\"width:80px;height:auto\" srcset=\"https:\/\/amd-moste-drustvo.si\/wp-content\/uploads\/2025\/10\/cas.png 300w, https:\/\/amd-moste-drustvo.si\/wp-content\/uploads\/2025\/10\/cas-150x150.png 150w\" sizes=\"auto, (max-width: 300px) 100vw, 300px\" \/><\/figure>\n\n\n\n<p class=\"has-text-align-center has-heading-color has-text-color has-link-color has-regular-font-size wp-elements-1066b7c0bcc62b147db0c690d04849b8\" style=\"margin-top:0;margin-bottom:var(--wp--preset--spacing--30);font-style:normal;font-weight:500\"><br>Delovni \u010das: Pon. &#8211; Pet.: <strong>10.00 &#8211; 14.00<\/strong>, sobota, nedelja in prazniki: <strong>Zaprto<\/strong><br><\/p>\n<\/div>\n<\/div>\n<\/div>\n<\/main>\n","protected":false},"excerpt":{"rendered":"<p>Zgodovina Avto moto dru\u0161tva Moste Avto moto dru\u0161tvo Moste je bilo ustanovljeno februarja 1960 leta. V za\u010detku kot sekcija Ob\u010dinskega odbora ljudske tehnike, decembra istega leta pa \u0161e kot samostojno dru\u0161tvo. Ustanovljeno je bilo z namenom, da so takratni vozniki lahko svoje interese in potrebe uveljavljali preko svojega dru\u0161tva.\u00a0\u00a0\u00a0\u00a0\u00a0\u00a0\u00a0\u00a0\u00a0\u00a0\u00a0 Dru\u0161tveno delo in njegov razvoj pa [&hellip;]<\/p>\n","protected":false},"author":1,"featured_media":74,"parent":0,"menu_order":0,"comment_status":"closed","ping_status":"closed","template":"","meta":{"footnotes":""},"class_list":["post-339","page","type-page","status-publish","has-post-thumbnail","hentry"],"_links":{"self":[{"href":"https:\/\/amd-moste-drustvo.si\/index.php\/wp-json\/wp\/v2\/pages\/339","targetHints":{"allow":["GET"]}}],"collection":[{"href":"https:\/\/amd-moste-drustvo.si\/index.php\/wp-json\/wp\/v2\/pages"}],"about":[{"href":"https:\/\/amd-moste-drustvo.si\/index.php\/wp-json\/wp\/v2\/types\/page"}],"author":[{"embeddable":true,"href":"https:\/\/amd-moste-drustvo.si\/index.php\/wp-json\/wp\/v2\/users\/1"}],"replies":[{"embeddable":true,"href":"https:\/\/amd-moste-drustvo.si\/index.php\/wp-json\/wp\/v2\/comments?post=339"}],"version-history":[{"count":6,"href":"https:\/\/amd-moste-drustvo.si\/index.php\/wp-json\/wp\/v2\/pages\/339\/revisions"}],"predecessor-version":[{"id":384,"href":"https:\/\/amd-moste-drustvo.si\/index.php\/wp-json\/wp\/v2\/pages\/339\/revisions\/384"}],"wp:featuredmedia":[{"embeddable":true,"href":"https:\/\/amd-moste-drustvo.si\/index.php\/wp-json\/wp\/v2\/media\/74"}],"wp:attachment":[{"href":"https:\/\/amd-moste-drustvo.si\/index.php\/wp-json\/wp\/v2\/media?parent=339"}],"curies":[{"name":"wp","href":"https:\/\/api.w.org\/{rel}","templated":true}]}}